{"id":3553,"date":"2015-07-25T12:55:10","date_gmt":"2015-07-25T10:55:10","guid":{"rendered":"https:\/\/www.knoevelshop.nl\/webshop\/?post_type=product&#038;p=3553"},"modified":"2026-03-19T22:38:16","modified_gmt":"2026-03-19T20:38:16","slug":"utero-vetsem-knaagdier-25ml","status":"publish","type":"product","link":"https:\/\/www.knoevelshop.nl\/webshop\/product\/utero-vetsem-knaagdier-25ml\/","title":{"rendered":"Utero Vetsem Knaagdier (10ml)"},"content":{"rendered":"<h3>Utero Vetsem Knaagdier<\/h3>\n<p>!LET OP: 10ml i.p.v. 25ml!<\/p>\n<p>Knoevel Utero Vetsem Knaagdier is een homeopatisch middel dat goed gegeven kan worden bij diverse baarmoederaandoeningen.<\/p>\n<p>De Utero Vetsem\u00a0formule is samen met onze productspecialisten helemaal aangepast aan de behoeftes van knaagdieren zoals cavia&#8217;s, konijnen, hamsters, tamme ratten, kleurmuizen en andere knaagdieren. Veel middelen die gebruikt worden zijn bedoeld voor honden en katten. Natuurlijk is een knaagdier een heel ander dier. De Utero Vetsem Knaagdier voldoet aan deze specifieke behoeftes en zorgt voor de momenten dat het echt nodig is voor een maximale ondersteuning. Utero Vetsem Knaagdier werkt baarmoederreinigend en is daarom in te zetten bij bijvoorbeeld:<\/p>\n<ul>\n<li>Te weinig wee\u00ebn tijdens een bevalling. Het is GEEN volwaardige vervanger voor wee\u00ebnopwekkers van de dierenarts! Maar het helpt wel om zwakke wee\u00ebn aan te sterken. Mocht het effect uitblijven, dient er altijd contact te worden opgenomen met de dierenarts!<\/li>\n<li>Na een bevalling die niet zo goed ging of na een miskraam zorgt Utero Vetsem Knaagdier ervoor dat de baarmoeder gereinigd wordt en er geen restanten achterblijven die kunnen gaan ontsteken of kwaad doen.<\/li>\n<li>Bij een baarmoederontsteking kan Utero Vetsem Knaagdier ondersteunend werken om de baarmoeder te reinigen.<\/li>\n<\/ul>\n<p>Verpakt per c.a. 10ml<\/p>\n<p><b>Tip: dit middel wordt het beste toegediend met een doseerspuitje. Heeft u geen spuitjes in huis? U kunt 1- of 3 ml spuitjes mee bestellen!<\/b><\/p>\n<p><i>Voor dit product is een bijsluiter beschikbaar! Raadpleeg onze site <a href=\"http:\/\/www.knoevelbijsluiters.nl\">Knoevelbijsluiters.nl<\/a> voor meer informatie!<\/i><\/p>\n<h4>Handgemaakt kwaliteitsproduct<\/h4>\n<p>Dit is een uniek handgemaakt product uit de Knoevelshop. Dit product is door onze eigen productspecialisten speciaal samengesteld voor het gebruik bij knaagdieren. Deze producten worden met de hand vervaardigd en waar mogelijk gebruik gemaakt van puur natuurlijke producten. Naast het met de hand vervaardigen van het product worden ook de producten met de grootst mogelijke zorg handmatig uitgevuld. Het blijft handwerk waardoor het soms kan zijn dat het ene potje of flesje voller zit dan de andere.<\/p>\n<p>De handgemaakte producten van de Knoevelshop zijn speciaal ontwikkeld voor knaagdieren zoals cavia&#8217;s, konijnen, hamsters, en fretten, maar worden ook succesvol ingezet bij andere dieren zoals egels. Wilt u het product op een ander dier gebruiken? Neem dan even contact met de klantenservice van de Knoevelshop op. Onze producten zijn over het algemeen minder geschikt voor honden en katten.<\/p>\n<h4>Garantie:<\/h4>\n<p>Wij garanderen dat dit een uniek exclusief voor de Knoevelshop geproduceerd product is die u nergens anders kunt vinden. Let dus op dat u geen namaak koopt.<\/p>\n","protected":false},"excerpt":{"rendered":"<p>Werkt baarmoederreinigend en bij wee\u00ebn zwakte.<\/p>\n","protected":false},"featured_media":12699,"template":"","meta":[],"product_brand":[],"product_cat":[84],"product_tag":[],"class_list":{"0":"post-3553","1":"product","2":"type-product","3":"status-publish","4":"has-post-thumbnail","6":"product_cat-rondom-de-bevalling","7":"post-wrapper","9":"first","10":"instock","11":"taxable","12":"shipping-taxable","13":"purchasable","14":"product-type-simple"},"yoast_head":"<!-- This site is optimized with the Yoast SEO plugin v27.2 - https:\/\/yoast.com\/product\/yoast-seo-wordpress\/ -->\n<title>Utero Vetsem Knaagdier<\/title>\n<meta name=\"description\" content=\"Deze Utero Vetsem Knaagdier is speciaal ontwikkeld voor baarmoeder problemen rondom de bevalling van cavia&#039;s, konijnen, hamsters en andere knaagdieren\" \/>\n<meta name=\"robots\" content=\"index, follow, max-snippet:-1, max-image-preview:large, max-video-preview:-1\" \/>\n<link rel=\"canonical\" href=\"https:\/\/www.knoevelshop.nl\/webshop\/product\/utero-vetsem-knaagdier-25ml\/\" \/>\n<meta property=\"og:locale\" content=\"nl_NL\" \/>\n<meta property=\"og:type\" content=\"article\" \/>\n<meta property=\"og:title\" content=\"Utero Vetsem Knaagdier\" \/>\n<meta property=\"og:description\" content=\"Deze Utero Vetsem Knaagdier is speciaal ontwikkeld voor baarmoeder problemen rondom de bevalling van cavia&#039;s, konijnen, hamsters en andere knaagdieren\" \/>\n<meta property=\"og:url\" content=\"https:\/\/www.knoevelshop.nl\/webshop\/product\/utero-vetsem-knaagdier-25ml\/\" \/>\n<meta property=\"og:site_name\" content=\"Knoevelshop\" \/>\n<meta property=\"article:modified_time\" content=\"2026-03-19T20:38:16+00:00\" \/>\n<meta property=\"og:image\" content=\"https:\/\/www.knoevelshop.nl\/webshop\/wp-content\/uploads\/2015\/07\/utero.jpg\" \/>\n\t<meta property=\"og:image:width\" content=\"360\" \/>\n\t<meta property=\"og:image:height\" content=\"480\" \/>\n\t<meta property=\"og:image:type\" content=\"image\/jpeg\" \/>\n<meta name=\"twitter:card\" content=\"summary_large_image\" \/>\n<meta name=\"twitter:label1\" content=\"Geschatte leestijd\" \/>\n\t<meta name=\"twitter:data1\" content=\"3 minuten\" \/>\n<script type=\"application\/ld+json\" class=\"yoast-schema-graph\">{\"@context\":\"https:\/\/schema.org\",\"@graph\":[{\"@type\":\"WebPage\",\"@id\":\"https:\/\/www.knoevelshop.nl\/webshop\/product\/utero-vetsem-knaagdier-25ml\/\",\"url\":\"https:\/\/www.knoevelshop.nl\/webshop\/product\/utero-vetsem-knaagdier-25ml\/\",\"name\":\"Utero Vetsem Knaagdier\",\"isPartOf\":{\"@id\":\"https:\/\/www.knoevelshop.nl\/webshop\/#website\"},\"primaryImageOfPage\":{\"@id\":\"https:\/\/www.knoevelshop.nl\/webshop\/product\/utero-vetsem-knaagdier-25ml\/#primaryimage\"},\"image\":{\"@id\":\"https:\/\/www.knoevelshop.nl\/webshop\/product\/utero-vetsem-knaagdier-25ml\/#primaryimage\"},\"thumbnailUrl\":\"https:\/\/www.knoevelshop.nl\/webshop\/wp-content\/uploads\/2015\/07\/utero.jpg\",\"datePublished\":\"2015-07-25T10:55:10+00:00\",\"dateModified\":\"2026-03-19T20:38:16+00:00\",\"description\":\"Deze Utero Vetsem Knaagdier is speciaal ontwikkeld voor baarmoeder problemen rondom de bevalling van cavia's, konijnen, hamsters en andere knaagdieren\",\"breadcrumb\":{\"@id\":\"https:\/\/www.knoevelshop.nl\/webshop\/product\/utero-vetsem-knaagdier-25ml\/#breadcrumb\"},\"inLanguage\":\"nl-NL\",\"potentialAction\":[{\"@type\":\"ReadAction\",\"target\":[\"https:\/\/www.knoevelshop.nl\/webshop\/product\/utero-vetsem-knaagdier-25ml\/\"]}]},{\"@type\":\"ImageObject\",\"inLanguage\":\"nl-NL\",\"@id\":\"https:\/\/www.knoevelshop.nl\/webshop\/product\/utero-vetsem-knaagdier-25ml\/#primaryimage\",\"url\":\"https:\/\/www.knoevelshop.nl\/webshop\/wp-content\/uploads\/2015\/07\/utero.jpg\",\"contentUrl\":\"https:\/\/www.knoevelshop.nl\/webshop\/wp-content\/uploads\/2015\/07\/utero.jpg\",\"width\":360,\"height\":480},{\"@type\":\"BreadcrumbList\",\"@id\":\"https:\/\/www.knoevelshop.nl\/webshop\/product\/utero-vetsem-knaagdier-25ml\/#breadcrumb\",\"itemListElement\":[{\"@type\":\"ListItem\",\"position\":1,\"name\":\"Home\",\"item\":\"https:\/\/www.knoevelshop.nl\/webshop\/\"},{\"@type\":\"ListItem\",\"position\":2,\"name\":\"Webshop\",\"item\":\"https:\/\/www.knoevelshop.nl\/webshop\/shop\/\"},{\"@type\":\"ListItem\",\"position\":3,\"name\":\"Utero Vetsem Knaagdier (10ml)\"}]},{\"@type\":\"WebSite\",\"@id\":\"https:\/\/www.knoevelshop.nl\/webshop\/#website\",\"url\":\"https:\/\/www.knoevelshop.nl\/webshop\/\",\"name\":\"Knoevelshop\",\"description\":\"De specialist voor uw cavia, hamster en konijn\",\"publisher\":{\"@id\":\"https:\/\/www.knoevelshop.nl\/webshop\/#organization\"},\"potentialAction\":[{\"@type\":\"SearchAction\",\"target\":{\"@type\":\"EntryPoint\",\"urlTemplate\":\"https:\/\/www.knoevelshop.nl\/webshop\/?s={search_term_string}\"},\"query-input\":{\"@type\":\"PropertyValueSpecification\",\"valueRequired\":true,\"valueName\":\"search_term_string\"}}],\"inLanguage\":\"nl-NL\"},{\"@type\":\"Organization\",\"@id\":\"https:\/\/www.knoevelshop.nl\/webshop\/#organization\",\"name\":\"Knoevelshop\",\"url\":\"https:\/\/www.knoevelshop.nl\/webshop\/\",\"logo\":{\"@type\":\"ImageObject\",\"inLanguage\":\"nl-NL\",\"@id\":\"https:\/\/www.knoevelshop.nl\/webshop\/#\/schema\/logo\/image\/\",\"url\":\"https:\/\/www.knoevelshop.nl\/webshop\/wp-content\/uploads\/2015\/07\/header.jpg\",\"contentUrl\":\"https:\/\/www.knoevelshop.nl\/webshop\/wp-content\/uploads\/2015\/07\/header.jpg\",\"width\":950,\"height\":220,\"caption\":\"Knoevelshop\"},\"image\":{\"@id\":\"https:\/\/www.knoevelshop.nl\/webshop\/#\/schema\/logo\/image\/\"}}]}<\/script>\n<!-- \/ Yoast SEO plugin. -->","yoast_head_json":{"title":"Utero Vetsem Knaagdier","description":"Deze Utero Vetsem Knaagdier is speciaal ontwikkeld voor baarmoeder problemen rondom de bevalling van cavia's, konijnen, hamsters en andere knaagdieren","robots":{"index":"index","follow":"follow","max-snippet":"max-snippet:-1","max-image-preview":"max-image-preview:large","max-video-preview":"max-video-preview:-1"},"canonical":"https:\/\/www.knoevelshop.nl\/webshop\/product\/utero-vetsem-knaagdier-25ml\/","og_locale":"nl_NL","og_type":"article","og_title":"Utero Vetsem Knaagdier","og_description":"Deze Utero Vetsem Knaagdier is speciaal ontwikkeld voor baarmoeder problemen rondom de bevalling van cavia's, konijnen, hamsters en andere knaagdieren","og_url":"https:\/\/www.knoevelshop.nl\/webshop\/product\/utero-vetsem-knaagdier-25ml\/","og_site_name":"Knoevelshop","article_modified_time":"2026-03-19T20:38:16+00:00","og_image":[{"width":360,"height":480,"url":"https:\/\/www.knoevelshop.nl\/webshop\/wp-content\/uploads\/2015\/07\/utero.jpg","type":"image\/jpeg"}],"twitter_card":"summary_large_image","twitter_misc":{"Geschatte leestijd":"3 minuten"},"schema":{"@context":"https:\/\/schema.org","@graph":[{"@type":"WebPage","@id":"https:\/\/www.knoevelshop.nl\/webshop\/product\/utero-vetsem-knaagdier-25ml\/","url":"https:\/\/www.knoevelshop.nl\/webshop\/product\/utero-vetsem-knaagdier-25ml\/","name":"Utero Vetsem Knaagdier","isPartOf":{"@id":"https:\/\/www.knoevelshop.nl\/webshop\/#website"},"primaryImageOfPage":{"@id":"https:\/\/www.knoevelshop.nl\/webshop\/product\/utero-vetsem-knaagdier-25ml\/#primaryimage"},"image":{"@id":"https:\/\/www.knoevelshop.nl\/webshop\/product\/utero-vetsem-knaagdier-25ml\/#primaryimage"},"thumbnailUrl":"https:\/\/www.knoevelshop.nl\/webshop\/wp-content\/uploads\/2015\/07\/utero.jpg","datePublished":"2015-07-25T10:55:10+00:00","dateModified":"2026-03-19T20:38:16+00:00","description":"Deze Utero Vetsem Knaagdier is speciaal ontwikkeld voor baarmoeder problemen rondom de bevalling van cavia's, konijnen, hamsters en andere knaagdieren","breadcrumb":{"@id":"https:\/\/www.knoevelshop.nl\/webshop\/product\/utero-vetsem-knaagdier-25ml\/#breadcrumb"},"inLanguage":"nl-NL","potentialAction":[{"@type":"ReadAction","target":["https:\/\/www.knoevelshop.nl\/webshop\/product\/utero-vetsem-knaagdier-25ml\/"]}]},{"@type":"ImageObject","inLanguage":"nl-NL","@id":"https:\/\/www.knoevelshop.nl\/webshop\/product\/utero-vetsem-knaagdier-25ml\/#primaryimage","url":"https:\/\/www.knoevelshop.nl\/webshop\/wp-content\/uploads\/2015\/07\/utero.jpg","contentUrl":"https:\/\/www.knoevelshop.nl\/webshop\/wp-content\/uploads\/2015\/07\/utero.jpg","width":360,"height":480},{"@type":"BreadcrumbList","@id":"https:\/\/www.knoevelshop.nl\/webshop\/product\/utero-vetsem-knaagdier-25ml\/#breadcrumb","itemListElement":[{"@type":"ListItem","position":1,"name":"Home","item":"https:\/\/www.knoevelshop.nl\/webshop\/"},{"@type":"ListItem","position":2,"name":"Webshop","item":"https:\/\/www.knoevelshop.nl\/webshop\/shop\/"},{"@type":"ListItem","position":3,"name":"Utero Vetsem Knaagdier (10ml)"}]},{"@type":"WebSite","@id":"https:\/\/www.knoevelshop.nl\/webshop\/#website","url":"https:\/\/www.knoevelshop.nl\/webshop\/","name":"Knoevelshop","description":"De specialist voor uw cavia, hamster en konijn","publisher":{"@id":"https:\/\/www.knoevelshop.nl\/webshop\/#organization"},"potentialAction":[{"@type":"SearchAction","target":{"@type":"EntryPoint","urlTemplate":"https:\/\/www.knoevelshop.nl\/webshop\/?s={search_term_string}"},"query-input":{"@type":"PropertyValueSpecification","valueRequired":true,"valueName":"search_term_string"}}],"inLanguage":"nl-NL"},{"@type":"Organization","@id":"https:\/\/www.knoevelshop.nl\/webshop\/#organization","name":"Knoevelshop","url":"https:\/\/www.knoevelshop.nl\/webshop\/","logo":{"@type":"ImageObject","inLanguage":"nl-NL","@id":"https:\/\/www.knoevelshop.nl\/webshop\/#\/schema\/logo\/image\/","url":"https:\/\/www.knoevelshop.nl\/webshop\/wp-content\/uploads\/2015\/07\/header.jpg","contentUrl":"https:\/\/www.knoevelshop.nl\/webshop\/wp-content\/uploads\/2015\/07\/header.jpg","width":950,"height":220,"caption":"Knoevelshop"},"image":{"@id":"https:\/\/www.knoevelshop.nl\/webshop\/#\/schema\/logo\/image\/"}}]}},"_links":{"self":[{"href":"https:\/\/www.knoevelshop.nl\/webshop\/wp-json\/wp\/v2\/product\/3553","targetHints":{"allow":["GET"]}}],"collection":[{"href":"https:\/\/www.knoevelshop.nl\/webshop\/wp-json\/wp\/v2\/product"}],"about":[{"href":"https:\/\/www.knoevelshop.nl\/webshop\/wp-json\/wp\/v2\/types\/product"}],"wp:featuredmedia":[{"embeddable":true,"href":"https:\/\/www.knoevelshop.nl\/webshop\/wp-json\/wp\/v2\/media\/12699"}],"wp:attachment":[{"href":"https:\/\/www.knoevelshop.nl\/webshop\/wp-json\/wp\/v2\/media?parent=3553"}],"wp:term":[{"taxonomy":"product_brand","embeddable":true,"href":"https:\/\/www.knoevelshop.nl\/webshop\/wp-json\/wp\/v2\/product_brand?post=3553"},{"taxonomy":"product_cat","embeddable":true,"href":"https:\/\/www.knoevelshop.nl\/webshop\/wp-json\/wp\/v2\/product_cat?post=3553"},{"taxonomy":"product_tag","embeddable":true,"href":"https:\/\/www.knoevelshop.nl\/webshop\/wp-json\/wp\/v2\/product_tag?post=3553"}],"curies":[{"name":"wp","href":"https:\/\/api.w.org\/{rel}","templated":true}]}}